t n be (a*1)/(2/(-16)). Let k = 11 + n. Is k composite?
False
Let t(s) be the second derivative of 17*s**5/12 - s**4/8 - 5*s**3/6 - 4*s. Let w(v) be the second derivative of t(v). Is w(2) a prime number?
True
Let g(f) = 348*f**3 - 15*f**2 + 48*f + 2. Is g(7) prime?
True
Let w(c) = c**3 + 4*c**2 + 6*c + 6. Let u be w(-5). Is u/(2 - 12/4) composite?
True
Suppose -48052 = -11*z - 18825. Is z composite?
False
Suppose 4*y + 290 = -2*o - 16, o + 4*y = -145. Let k = -16 - o. Is k a composite number?
True
Let o be ((-2)/(-4))/(2/8). Suppose 0 = -o*k, 5*k = -f + 190 + 363. Suppose -b + 3*a - 59 = -167, 5*b - 2*a = f. Is b a prime number?
False
Let l = -318 + 415. Is l prime?
True
Let n = 2138 - 670. Let g = n + -895. Is g a composite number?
True
Let m = -4684 - -17777. Is m composite?
False
Let r = -7810 + 13001. Is r prime?
False
Is 8496 + 28/7 + 1 prime?
True
Suppose -4*q + 10 = q. Suppose 0*j + q*j - 382 = 0. Is 1/((-4)/(-4))*j composite?
False
Let h(d) = 13*d + 19. Suppose 4*q - 3*q = 14. Is h(q) prime?
False
Let o = 782 - 1218. Let b = o + 613. Is b a prime number?
False
Let p(t) = 1469*t + 28. Let l be p(3). Suppose 2*g - 3*c = 1594, -450 = 5*g + c - l. Is g a prime number?
True
Let y(i) = 10*i - 7. Let d be y(7). Let f(w) = w**3 - w**2 + 2*w - 2. Let v be f(3). Let z = v + d. Is z composite?
True
Let t = -1239 - -1769. Suppose -7*w + t = -2*w. Is w a composite number?
True
Suppose 0 = 5*j - s - 19337, -2*j - 2*s + 3938 + 3792 = 0. Is j composite?
True
Let j = -303249 - -456122. Is j composite?
True
Let m(t) = 37*t + 9979. Is m(0) a composite number?
True
Let v(w) be the third derivative of -w**6/60 + 11*w**5/30 + 13*w**3/6 - 48*w**2. Is v(9) composite?
False
Let y be (-32 - -31)/(2/(-243 + 1)). Let i = 19 + -13. Let b = i + y. Is b a composite number?
False
Suppose 5*k + 12 + 9 = -2*c, -4*k = -3*c - 20. Let r = c - -11. Suppose -3*q = -r*m - 126, -3*q + 2*m + 131 = 4*m. Is q composite?
False
Suppose 5*d = 3*w + 50285, -10080 = -2*d + 3*w + 10034. Is d composite?
True
Is 2*9109 + (-14)/14 a prime number?
True
Let b = 25865 - 4594. Is b a composite number?
True
Let r = 4701 - 1688. Is r composite?
True
Let j(r) be the second derivative of -23*r**4/6 - r**3/3 - r**2/2 - 5*r. Let t be j(-1). Let q = 32 - t. Is q a prime number?
False
Let i be 6/33 - 212/(-44). Suppose -3*t + 7 = -8. Suppose 5*y + i*r - 816 = 19, t*r + 795 = 5*y. Is y prime?
True
Let o(z) be the second derivative of 56*z**3/3 - z. Let k be o(2). Let x = -133 + k. Is x composite?
True
Let c(x) = -2*x**2 + 6*x + 24. Let u be c(-16). Let i = u - -981. Is i a composite number?
False
Let p(z) = -49*z**3 - 5*z**2 - 6*z - 3. Is p(-2) a composite number?
True
Let o(p) be the third derivative of 77*p**5/30 - p**4/24 - 5*p**3/6 - 7*p**2. Is o(-2) prime?
True
Let p be 4244/(-5) - 3/15. Let k = -34 - p. Let g = k - 366. Is g a composite number?
False
Suppose -p + 2*p = 16. Is (-4)/1*((-6092)/p - 3) prime?
False
Let f = 12878 - 7393. Is f composite?
True
Let v(r) = -r**2 - 8*r - 8. Let a = 4 + -10. Let d be v(a). Suppose -d*q + 135 = t, -264 = -3*t + 5*q + 158. Is t composite?
False
Suppose 2*d - 420 = -w - 2*d, -2*d - 2166 = -5*w. Suppose 3261 = 3*q - w. Suppose 0*s = 4*z + 3*s - q, 5*s = 5. Is z a composite number?
False
Suppose -4568 = -9*k + 2614. Let r = k - -443. Is r a prime number?
False
Suppose o + 4*h = 10, -4*o + 82 = -5*h - 0*h. Is (-9)/(o/4) + 675 composite?
False
Let f(c) = -c**3 + c**2 + c + 1. Let x(z) = 9*z**3 - 6*z**2 - 3*z - 4. Let r(j) = 5*f(j) + x(j). Let a be r(2). Let b = a + 178. Is b composite?
False
Suppose 0 = -2*s - 3*s - 475. Is 19/s - 772/(-10) composite?
True
Suppose 80*c + 428424 = 88*c. Is c a prime number?
False
Let j(k) = 16*k**2 + 5*k + 2. Let q = -4 - -8. Let b(c) = 32*c**2 + 9*c + 3. Let m(z) = q*b(z) - 7*j(z). Is m(-3) a composite number?
False
Suppose 5*k + 135 = 2*k. Let n be (-68)/(-18) - 10/k. Suppose 2225 = n*a + a. Is a prime?
False
Is (2081*(0 + -1))/(3/(-3)) composite?
False
Let r(w) = 125*w**2 - 36*w - 7. Is r(20) prime?
False
Suppose 2*d = -x + 5719, 11*d = 12*d - 5*x - 2832. Is d prime?
True
Suppose -3*j = 2*j + 5*z - 17940, -3*j + 2*z = -10784. Let a = j - 1725. Is a a composite number?
False
Is 1 + (5 - 4) - -4269 composite?
False
Is -2*81/18 + 27620 a prime number?
True
Let b(d) = 5*d**3 + d**2 - d + 2. Suppose 4*p = -3*o + 9, 3*p - 16 = -p + 4*o. Suppose -2 = p*c - 11. Is b(c) a composite number?
True
Let k(r) = -2 + 0 + 28*r**2 + 3 + 1. Let x be k(2). Is x + -2 + (-9)/(-3) prime?
False
Let f(w) = w**3 + 6*w**2 + 6*w + 5. Let c be f(-5). Suppose c = a, -a = -5*l - 0*a + 20. Suppose n + p = 430, 5*n - 2126 = l*p - p. Is n a composite number?
True
Let r = 38 + -19. Suppose -5*k = -2*y - r - 12, 3*k - 5*y - 11 = 0. Suppose 0 = 3*m - k*m + 316. Is m a prime number?
True
Suppose 6 + 14 = 2*t. Suppose 3*q = -t - 2. Is (q/(-4) - -540) + 0 composite?
False
Let l(r) = -16*r**2 + r + 5. Let t be l(5). Let c = t - -1098. Suppose 165 - c = -j. Is j a prime number?
False
Let i be (302*2)/(8/16). Let v = -759 + i. Is v prime?
True
Let d(i) = 10*i - 143*i - 8*i. Let p be d(1). Let x = p + 218. Is x prime?
False
Suppose 2*j = 93 - 35. Let d = j - 15. Is d a composite number?
True
Suppose -42128 = 33*q - 49*q. Is q prime?
True
Is (4/2)/(3 + 139742/(-46582)) prime?
True
Suppose 55 = 7*a - 2*a. Suppose 1 - a = -2*x. Suppose 5 = -l, -l = x*v + 3*l - 1315. Is v a composite number?
True
Is 2/(-13) - 2215*(-1688)/104 a prime number?
True
Suppose -k + 2 + 3 = 0. Suppose 2*o + 4*q - k*q = 1009, 4*o = -5*q + 1983. Suppose -3*c + o = -c. Is c a composite number?
False
Let v = 76 + -108. Let t be 3/(-7 - -1)*v. Let u = 53 - t. Is u a prime number?
True
Is -1 + 5 - 11*(-11 - 958) prime?
True
Let j(p) = p**2 - 2*p. Let l be j(2). Suppose l = -5*s + 6*s - 232. Let m = s + -53. Is m a composite number?
False
Let v(u) = 709*u - 36. Is v(13) prime?
True
Let y(u) be the second derivative of -u**5/20 + 11*u**4/12 + 7*u**3/6 + 4*u**2 + 13*u. Is y(-5) composite?
False
Let r = -20689 + 29748. Is r composite?
False
Suppose 4*m - 20 = 0, 2*w - 2*m = -w + 49070. Is (-48)/(-112) - w/(-14) composite?
True
Let i(n) = n**2 - 16*n + 47. Is i(0) a composite number?
False
Let m(a) be the third derivative of -5*a**4/4 - 17*a**3/6 + 27*a**2. Is m(-18) a composite number?
False
Suppose -r + 80 + 881 = 0. Is r a prime number?
False
Is (-13682)/6*-3*1 a prime number?
True
Let q = -7698 + 14446. Let t = 13811 - q. Is t a prime number?
False
Is -4 - (-8 + 5)*407 a composite number?
False
Let k = 37 - 47. Is k/(-2) - (-471 - 2) a composite number?
True
Let a(d) = -4188*d - 295. Is a(-2) a composite number?
False
Let z = 6227 - -2660. Is z a composite number?
False
Let c = 35 + -18. Suppose -2*i + c = -3*t - 6, 0 = t - i + 9. Is (919/t)/((-4)/20) composite?
False
Is (-42)/(-28)*23101*(-4)/(-6) a composite number?
True
Suppose 0*o - o + 4*k = 11, 2*o + k - 5 = 0. Let u(x) = 1430*x**3 - x**2 + 3*x - 2. Let t be u(o). Suppose -5*c + t = 3*j, -8*c - 510 = -j - 3*c. Is j prime?
False
Let b(v) = -v**3 - 2*v**2 - 9*v - 15. Is b(-7) a prime number?
True
Let u = 46 - 42. Suppose -3*q + 731 = 4*m, 0 = u*m - 0 - 20. Is q composite?
True
Let n be (-39)/(-13)*(-7)/(-3). Let i = -5 + n. Suppose 4*c - i*c = 1106. Is c a prime number?
False
Let s = -2285 + 3604. Is s composite?
False
Let p(m) = m**2 - 6*m - 13. Let h be p(8). Suppose 5*r - 2*b = -0*r + 575, 2*r = -h*b + 230. Is r composite?
True
Is (-8054)/(-34) - (-18)/153 a composite number?
True
Let p = -3855 + 6476. Is p composite?
False
Suppose 641*z - 637*z = 42684. Is z a prime number?
False
Let x = -12642 - -18373. Is x prime?
False
Suppose -36 = -3*m - 4*c - 13, -4*m = 3*c - 26. Let q(n) = -n**3 + 10*n**2 - n - 2. Let w be q(m). Let i = w + 31. Is i a prime number?
True
Let n = 23171 + 11550. Is n a composite number?
False
Let k(w) = 277*w**2 + 10*w - 20. Is k(3) a composite number?
False
Suppose 0 = 42*d - 30194 - 35452. Is d prime?
False
Let z be (5705/(-15) + -1)*-3. Suppose -2*p = 310 - z. Is p a composite number?
True
Suppose -243*h + 2156649 = -210*h. Is h a prime number?
True
Let m = 1 - -1. Suppose 0 = 2*n + 2*u - 522, 2*n + m*u + 803 = 5*n. Is n prime?
False
Suppose 3*h + f = 17, 5*h - 3*f - 20 = -1. Suppose 0 = 3*t - 2*l - 24, 0 = -t + 5*t -